p) = p**3 - 3*p**2 - 3*p - 2. Let f be l(3). Let x = 7 + f. Is 6/x*(-618)/9 composite?
False
Let z(c) = -c**2 + c + 32. Let p be z(6). Suppose -p*g - 5*x + 8805 = 3*g, 3*g = -2*x + 5279. Is g prime?
False
Let p(j) be the second derivative of -95*j**3/3 + 9*j**2/2 + 13*j. Is p(-4) a prime number?
True
Is (-10055045)/(-833) + 4/34 prime?
True
Let c(o) = 6*o**3 + 6*o**2 - 8*o - 14. Let t be c(-6). Let s be t/(-5 - (-5 + 2)). Suppose -s = -2*m + 63. Is m a composite number?
False
Suppose 2*s + 4*d = 652, -1690 = -s - 4*s + 5*d. Is s a composite number?
True
Suppose 0 = -5*t + 4*o - 2, -t - 2*o = 4 - 12. Let v = 2 + t. Let m(c) = 66*c**2 - 3*c + 5. Is m(v) composite?
False
Let q(r) = 2*r + 10. Let x be q(-9). Let z(b) = 7*b**2 - 18*b - 11. Is z(x) prime?
False
Let j(k) = 28*k + 5. Let a be (-6 + 7)*(0 + -12). Let p = a - -19. Is j(p) a prime number?
False
Let p be (-17165)/(-9) + 16/(-72). Suppose -3*o + 3*n - p = -5*o, -2*n + 4773 = 5*o. Is o a composite number?
True
Suppose 4*p - 26 = 30. Let a = -20 + p. Is (-2)/a + 632/3 a composite number?
False
Let f(o) = -5 - 2*o**2 + 4*o + 14*o**2 + 5*o**2. Let d be f(-10). Suppose 3*c + d = 5*h, 0 = -2*h - c + 6*c + 662. Is h a composite number?
False
Let w be ((16/(-10))/4)/((-3)/30). Suppose 438 = -f + w*f. Is f composite?
True
Suppose 2*d - 24 = -3*w, -w + d = -0*w - 3. Is 113/5 + w/(-10) a composite number?
True
Let v = 126 - 62. Suppose -3*b = 2*b - 1255. Let s = b - v. Is s prime?
False
Suppose 3*o = -o + 15680. Is 1*(-2)/(-6) - o/(-30) a composite number?
False
Let n(l) be the third derivative of 4*l**7/315 - l**6/144 + l**5/20 - 8*l**2. Let c(y) be the third derivative of n(y). Is c(4) prime?
True
Let q(a) be the second derivative of 22*a**3 - 11*a**2/2 + 566*a. Let u be (7 - 2)*(-1)/(-1). Is q(u) a composite number?
True
Let s = -30 - -1973. Suppose -25 = -5*x, -3*b - 2*x = 2*x - s. Is b prime?
True
Suppose 0 = 4*w - 3*k - 63484, 5*k - 43422 = -2*w - 11680. Is w a composite number?
True
Suppose 0 = 4*r - 0*r - 12. Suppose r - 5 = -m. Suppose 4*g - 2*a - 503 = 37, m*a = g - 138. Is g a composite number?
True
Let y(d) = 67*d - 1 - 1 - 7 - 6. Is y(10) prime?
False
Suppose -28 = 5*d + 2*d. Is d - (-3 + -1*564) a prime number?
True
Let m = 12 + -7. Let x(g) = -g**3 + 3*g**2 + 5*g - 9. Let b(s) = -2*s**3 + 6*s**2 + 11*s - 18. Let r(t) = m*x(t) - 3*b(t). Is r(7) composite?
False
Suppose -4*t + 16*t - 51036 = 0. Is t composite?
False
Let i(l) = -l**3 + 11*l**2 - 11*l - 7. Let p(b) = 2*b + 4. Let r be p(2). Is i(r) prime?
True
Let y(a) = a**3 - 6*a**2 + 6*a - 5. Let o be y(5). Is 2/(o + (-10)/(-1255)) a composite number?
False
Let w = -27 + 22. Is w*(-6)/15 - -113 composite?
True
Let a be (-14)/(-8) - (-18)/(-24). Let q be (-5)/(-10)*a*-4. Is 2*(-201)/4*q a prime number?
False
Let c(p) = 23677*p - 78. Is c(1) a prime number?
True
Let i be 6/10*(33 - 8). Suppose i*s = 14*s + 85. Is s a prime number?
False
Let v(o) = 125*o**2 + 2. Let h(u) be the third derivative of 31*u**5/15 + u**3/6 + 3*u**2. Let g(r) = 3*h(r) - 2*v(r). Is g(2) prime?
True
Let q be 0/((-8)/4) - -2. Suppose d = q*d + 125. Let x = 386 - d. Is x prime?
False
Let t(a) = -1043*a - 20. Let k be t(10). Is (-8)/14 + k/(-35) prime?
False
Let y(s) = -34*s**2 + 5*s - 4. Let k be y(2). Is k/15*354/(-4) a prime number?
False
Let w(t) = -t**2 + t + 1. Let g(u) = 264*u**2 + 2*u + 2. Let i(n) = g(n) - 5*w(n). Is i(2) a prime number?
False
Let j(f) = -f**2 - f. Let t(q) = 27*q**3 - 5*q**2 - q - 3. Let n(c) = -5*j(c) + t(c). Is n(2) a composite number?
True
Let j = -28065 - -41900. Is j a composite number?
True
Suppose -4*a + 12 = 0, -f + 17*a + 4181 = 15*a. Is f composite?
True
Let i = 82 - 79. Suppose -2*d + i*d - 797 = 0. Is d a prime number?
True
Is (-51710)/25*10/(-4) a composite number?
False
Let z(s) = 89*s - 7. Is z(6) prime?
False
Suppose 3*x = -2*c + 274263, 5*x = 8*c - 9*c + 457105. Is x a composite number?
True
Suppose 0 = -4*p - k + 15, 0 = -3*p - 0*k + 4*k + 35. Suppose a = p*a + 1316. Is 0 + 3 - a - 1 a composite number?
False
Let o = 21 - 9. Suppose -2631 = -15*s + o*s. Is s a prime number?
True
Let s(q) be the second derivative of 5*q**5/2 + q**3/3 + 3*q**2/2 - 9*q. Is s(2) composite?
True
Let z(y) = 291*y - 58. Is z(5) prime?
False
Let i = -20 - -23. Suppose i*h + 6*h = 12573. Is h prime?
False
Let c(b) = 1. Let x(v) = 64*v + 14. Let w(k) = 3*c(k) - x(k). Let y be w(-7). Suppose -3*o = 4*l - 591, 3*l - y = -3*o + 157. Is o prime?
False
Suppose -4*y + 88488 = 2*l, 3*y - 5*l - 46104 = 20249. Is y a composite number?
True
Let a(k) = -k + 9. Let t be a(-6). Let f = 17 - t. Suppose -3*c = f*m - 792, -5*m + 2*c + 1568 = -393. Is m a prime number?
False
Let x(g) = 523*g - 15. Is x(16) a prime number?
True
Suppose 4*a + a + z - 20 = 0, -3*a = 3*z. Suppose 0 = a*v + 2*l - 6523, 2*v + v - 3921 = -3*l. Is v composite?
False
Let q(f) = 7*f**3 - 2*f**2 + 2. Let y(w) = -2*w + 1. Let j be y(0). Is q(j) composite?
False
Let z(o) = 13421*o**2 - o + 9. Is z(-5) prime?
True
Let p(o) = 330*o**2 - o - 3. Let t be p(2). Is 4*3*t/20 prime?
False
Let a = 3269 + -1974. Suppose a = 13*n - 6*n. Is n a prime number?
False
Let y be 26/91 - (-18)/(-14). Let d be 469/(-1) - (y + 0). Let s = 1031 + d. Is s composite?
False
Let q be 6/4*(-1)/(18/(-4296)). Suppose 2*p - q = -0*p. Is p a composite number?
False
Is -268764*(-6 + (-92)/(-16)) a composite number?
True
Let h = -18 - -21. Suppose 1824 = -0*k + h*k. Let j = 865 - k. Is j composite?
False
Let y(i) = 2*i**3 - i**2 + 3*i - 2. Let b be y(1). Suppose 0 = -b*d + 3*u + 33 - 160, 4*d = -3*u - 209. Let m = d + 121. Is m composite?
True
Let m(q) = 2*q**2 - 15 - 14*q**2 + 9*q**2 + 9*q**2 + 3*q. Is m(6) prime?
False
Suppose 4*l = 5*l - 4391. Is l prime?
True
Suppose 4*j + 2*i - 35 = 43, -58 = -3*j - i. Let n(o) = -2*o**3 - 3 + 27 - j*o + 3*o**3 + 16*o**2. Is n(-17) prime?
False
Suppose -4*j - 4*c - 8 = 0, 6 = 4*j - 7*c + 4*c. Suppose j = -2*b + 4*b + 4*m - 1406, 3*b - 3*m = 2100. Is b prime?
True
Let f(j) = 4*j**2 - 9*j + 25. Suppose 0 = 5*u + l - 59, 0 = -4*u + l - 3*l + 46. Is f(u) composite?
True
Let h = 15 + 39. Let y = h + -36. Suppose l = -2*l + y. Is l composite?
True
Suppose -4*k - 16*k = -27620. Is k a prime number?
True
Let h(g) = -9*g**2 + 3*g + 1. Let x = 24 + -25. Let y(t) = -t**2 - t. Let b(d) = x*h(d) - y(d). Is b(-5) a composite number?
True
Is 123*(-1 + (-42)/(-9)) a composite number?
True
Let g be (-112)/(-6) + 4/(-6). Suppose 0 = 4*s + 2*m - 18 - 2, -5*m + g = 2*s. Suppose 2*p + 62 = s*p. Is p prime?
True
Is 223606/(-230)*(-5 - 0) a composite number?
False
Is (-66615)/20*(-24)/18 composite?
False
Let l = 4613 - -63270. Is l composite?
False
Let b be 4*(3 - (-5)/(-2)). Is b - -2 - (98*-10 + -1) a prime number?
False
Let f(v) = v**3 - 7*v**2 - v + 6469. Is f(0) composite?
False
Let d = 34999 + -24780. Is d composite?
True
Let k(g) = g**3 + 21*g**2 + 23*g + 22. Is k(-15) prime?
False
Suppose -4*i = -0*i + 5*o - 82, 84 = 5*i - 3*o. Is i/(-90) + (-7916)/(-5) a prime number?
True
Suppose i = -2*b + 709, 0 = -0*b - 2*b + 8. Suppose 0 = p - 4*l - 696, 3*p - i = 2*p - l. Let u = p - 159. Is u a composite number?
False
Suppose 7238 = 2*q - 4608. Is q a composite number?
False
Suppose 4*g + 434 + 146 = 0. Let y = g - -396. Is y a prime number?
True
Suppose l - 4*y + 13 = 0, -3*l - y + 3*y + 1 = 0. Suppose g = l*g - 422. Is g a composite number?
False
Is (-16)/(-80) + (-46728)/(-10) prime?
True
Let g = -2835 - 1493. Let s = -3045 - g. Is s a composite number?
False
Suppose n + x + 2 = 0, 5*x + 26 = n + 4. Suppose p = -n*o + 203, -2*p + o = -0*p - 426. Is p a prime number?
True
Suppose 719 = z - 3*l + 2*l, 4*z - 2884 = -4*l. Suppose 5*a + z = 3505. Is a prime?
True
Let b be ((-9590)/(-18) - (-6)/27) + 0. Suppose 2*d - b - 353 = 0. Is d a prime number?
True
Let g(o) = 1641*o**2 - 19*o - 95. Is g(-4) composite?
False
Let a(u) = 7*u**2 - 3*u - 3. Suppose 18*b = 2*b - 48. Is a(b) composite?
True
Let a = 3037 + -1635. Is a a composite number?
True
Is (((-32)/(-56))/2)/(8/445228) a prime number?
True
Let x be 5*-4*(-25)/100. Suppose -x*u + 2*q = -6237, -3*q - 1 = 2. Is u a composite number?
True
Suppose 0 = -i - 4*x - x + 14, -5*x + 50 = -5*i. Is i/30 - (-17092)/10 a composite number?
False
Let i = 136247 - 96600. Is i